{"id":6563,"date":"2024-05-17T02:19:51","date_gmt":"2024-05-17T02:19:51","guid":{"rendered":"https:\/\/colegiolosreyes.cl\/sitio\/?page_id=6563"},"modified":"2025-05-13T16:33:21","modified_gmt":"2025-05-13T16:33:21","slug":"sede-los-reyes","status":"publish","type":"page","link":"https:\/\/colegiolosreyes.cl\/sitio\/atencion-de-profesores\/sede-los-reyes\/","title":{"rendered":"SEDE LOS REYES"},"content":{"rendered":"<div class=\"wpb-content-wrapper\"><p>[vc_row][vc_column][vc_custom_heading text=&#8221;Horario de atenci\u00f3n de apoderados Sede Los Reyes&#8221; font_container=&#8221;tag:h2|text_align:left|color:%23dd3333&#8243; css=&#8221;&#8221;][\/vc_column][\/vc_row][vc_row][vc_column][vc_column_text css=&#8221;&#8221;]<\/p>\n<p style=\"text-align: justify;\">La hora de atenci\u00f3n de apoderados se har\u00e1 efectiva solo una vez que se haya coordinado con el docente a trav\u00e9s del correo institucional.<\/p>\n<p style=\"text-align: justify;\"><strong>Recuerde que debe utilizar\u00a0 el formato del correo institucional de cada profesor que consta de :<\/strong><\/p>\n<p style=\"text-align: justify;\"><strong><a href=\"mailto:nombre.apellido@colegiolosreyes.cl\">nombre.apellido@colegiolosreyes.cl<\/a><\/strong><\/p>\n<table width=\"690\">\n<tbody>\n<tr>\n<td width=\"132\">Nivel\/Asignatura<\/td>\n<td width=\"181\">Docente<\/td>\n<td width=\"84\">Curso<\/td>\n<td width=\"153\">D\u00eda<\/td>\n<td width=\"140\">Horario<\/td>\n<\/tr>\n<tr>\n<td width=\"132\">Educaci\u00f3n Parvularia<\/td>\n<td width=\"181\">Melisa Garc\u00ed a Melisa Garc\u00ed a<br \/>\nMacarena Formigo Carolina Gonza\u00a0 lez Ximena Pereira<br \/>\nXimena Pereira<\/td>\n<td width=\"84\">P\u00b0KA PK\u00b0B K\u00b0A K\u00b0B K\u00b0C K\u00b0D<\/td>\n<td width=\"153\">Lunes Mie rcoles Lunes Mie rcoles Mie rcoles Viernes<\/td>\n<td width=\"140\">De 08:00 a 09:55<br \/>\nDe 17:00 a 18:00<br \/>\nDe 13:20 a 15:00<br \/>\nDe 09:55 a 11:25<br \/>\nDe 08:25 a 09:55<br \/>\nDe 09:55 a 10:40<\/td>\n<\/tr>\n<tr>\n<td width=\"132\">1\u00b0 B\u00e1sicos<\/td>\n<td width=\"181\">Muriel Kejaya Marcela Bravo<br \/>\nJosselyn Pacheco Marcela Morales<\/td>\n<td width=\"84\">1\u00b0A<br \/>\n1\u00b0B<br \/>\n1\u00b0C<br \/>\n1\u00b0D<\/td>\n<td width=\"153\">Lunes Mie rcoles Lunes Viernes<\/td>\n<td width=\"140\">De 08:10 a 09:40<br \/>\nDe 09:55 a 11:25<br \/>\nDe 16:45 a 18:15<br \/>\nDe 08:00 a 09:40<\/td>\n<\/tr>\n<tr>\n<td width=\"132\">2\u00b0 B\u00e1sicos<\/td>\n<td width=\"181\">Sandra Cubillos Sof\u00ed a Cabello<br \/>\nKatherine Ferna\u00a0 ndez Paula Llanos<br \/>\nAlejandra Alvarado<\/td>\n<td width=\"84\">2\u00b0A<br \/>\n2\u00b0B<br \/>\n2\u00b0C<br \/>\n2\u00b0D<br \/>\n2\u00b0E<\/td>\n<td width=\"153\">Viernes Jueves Jueves Lunes Jueves<\/td>\n<td width=\"140\">De 08:10 a 09:40<br \/>\nDe 08:10 a 09:40<br \/>\nDe 15:00 a 16:30<br \/>\nDe 09:55 a 11:25<br \/>\nDe 09:55 a 11:25<\/td>\n<\/tr>\n<tr>\n<td width=\"132\">3\u00b0 B\u00e1sicos<\/td>\n<td width=\"181\">Carolina Ferry Mo\u00a0 nica Rozas Karina Sierra Cynthia Huasco Paula Alarco\u00a0 n<\/td>\n<td width=\"84\">3\u00b0A<br \/>\n3\u00b0B<br \/>\n3\u00b0C<br \/>\n3\u00b0D<br \/>\n3\u00b0E<\/td>\n<td width=\"153\">Lunes Jueves Martes Martes Mie rcoles<\/td>\n<td width=\"140\">De 15:00 a 16:30<br \/>\nDe 15:00 a 16:30<br \/>\nDe 11:40 a 13:10<br \/>\nDe 15:00 a 16:30<br \/>\nDe 08:10 a 09:40<\/td>\n<\/tr>\n<tr>\n<td width=\"132\">4\u00b0 B\u00e1sicos D y E<\/td>\n<td width=\"181\">Lorena Cerda Edith Urbina<\/td>\n<td width=\"84\">4\u00b0D<br \/>\n4\u00b0E<\/td>\n<td width=\"153\">Jueves Martes<\/td>\n<td width=\"140\">De 15:00 a 16:30<br \/>\nDe 08:10 a 09:40<\/td>\n<\/tr>\n<tr>\n<td width=\"132\">Ingl\u00e9s<\/td>\n<td width=\"181\">Pilar Guerra<\/td>\n<td width=\"84\">&#8212;-<\/td>\n<td width=\"153\">Lunes<\/td>\n<td width=\"140\">De 16:45 a 18:20<\/td>\n<\/tr>\n<tr>\n<td width=\"132\">M\u00fasica<\/td>\n<td width=\"181\">Toma\u00a0 s Baeza<\/td>\n<td width=\"84\">&#8212;-<\/td>\n<td width=\"153\">Martes<\/td>\n<td width=\"140\">De 11.40 a 13:10<\/td>\n<\/tr>\n<tr>\n<td width=\"132\">Educaci\u00f3n F\u00edsica<\/td>\n<td width=\"181\">Carolina Berkhoff Axel Je\u00a0 lvez<br \/>\nFederico Soto<\/td>\n<td width=\"84\">&#8212;-<br \/>\n&#8212;-<br \/>\n&#8212;-<\/td>\n<td width=\"153\">Jueves Jueves Martes<\/td>\n<td width=\"140\">De 11:40 a 12:30<br \/>\nDe 09:55 a 11:25<br \/>\nDe 14:50 a 16:20<\/td>\n<\/tr>\n<\/tbody>\n<\/table>\n<p>[\/vc_column_text][\/vc_column][\/vc_row]<\/p>\n<\/div>","protected":false},"excerpt":{"rendered":"<p>[vc_row][vc_column][vc_custom_heading text=&#8221;Horario de atenci\u00f3n de apoderados Sede Los Reyes&#8221; font_container=&#8221;tag:h2|text_align:left|color:%23dd3333&#8243; css=&#8221;&#8221;][\/vc_column][\/vc_row][vc_row][vc_column][vc_column_text css=&#8221;&#8221;] La hora de atenci\u00f3n de apoderados se har\u00e1 efectiva solo una vez que se haya coordinado&#8230;<\/p>\n","protected":false},"author":1,"featured_media":0,"parent":6482,"menu_order":0,"comment_status":"closed","ping_status":"closed","template":"","meta":{"footnotes":"","_links_to":"","_links_to_target":""},"class_list":["post-6563","page","type-page","status-publish","hentry"],"_links":{"self":[{"href":"https:\/\/colegiolosreyes.cl\/sitio\/wp-json\/wp\/v2\/pages\/6563","targetHints":{"allow":["GET"]}}],"collection":[{"href":"https:\/\/colegiolosreyes.cl\/sitio\/wp-json\/wp\/v2\/pages"}],"about":[{"href":"https:\/\/colegiolosreyes.cl\/sitio\/wp-json\/wp\/v2\/types\/page"}],"author":[{"embeddable":true,"href":"https:\/\/colegiolosreyes.cl\/sitio\/wp-json\/wp\/v2\/users\/1"}],"replies":[{"embeddable":true,"href":"https:\/\/colegiolosreyes.cl\/sitio\/wp-json\/wp\/v2\/comments?post=6563"}],"version-history":[{"count":7,"href":"https:\/\/colegiolosreyes.cl\/sitio\/wp-json\/wp\/v2\/pages\/6563\/revisions"}],"predecessor-version":[{"id":8072,"href":"https:\/\/colegiolosreyes.cl\/sitio\/wp-json\/wp\/v2\/pages\/6563\/revisions\/8072"}],"up":[{"embeddable":true,"href":"https:\/\/colegiolosreyes.cl\/sitio\/wp-json\/wp\/v2\/pages\/6482"}],"wp:attachment":[{"href":"https:\/\/colegiolosreyes.cl\/sitio\/wp-json\/wp\/v2\/media?parent=6563"}],"curies":[{"name":"wp","href":"https:\/\/api.w.org\/{rel}","templated":true}]}}