{"id":6530,"date":"2024-05-17T01:05:58","date_gmt":"2024-05-17T01:05:58","guid":{"rendered":"https:\/\/colegiolosreyes.cl\/sitio\/?page_id=6530"},"modified":"2024-05-21T23:09:05","modified_gmt":"2024-05-21T23:09:05","slug":"mision-y-vision","status":"publish","type":"page","link":"https:\/\/colegiolosreyes.cl\/sitio\/nosotros\/mision-y-vision\/","title":{"rendered":"MISI\u00d3N Y VISI\u00d3N"},"content":{"rendered":"<div class=\"wpb-content-wrapper\"><p>[vc_row css=&#8221;.vc_custom_1534319464626{margin-top: 100px !important;margin-bottom: 66px !important;}&#8221; el_class=&#8221;rs-about1&#8243;][vc_column width=&#8221;1\/2&#8243;][vc_single_image image=&#8221;6828&#8243; img_size=&#8221;full&#8221; css=&#8221;&#8221;][\/vc_column][vc_column width=&#8221;1\/2&#8243;]\n        <div class=\"rs-heading style1   \">\n        \t<div class=\"title-inner\">\n\t            <span class=\"sub-text\">Colegio Los Reyes<\/span>\n\t            <h2 >VISI\u00d3N<\/h2>\n\t        <\/div><\/div>[vc_column_text css=&#8221;&#8221;]<\/p>\n<p style=\"text-align: justify;\">Colegio Los Reyes se proyecta como una instituci\u00f3n educativa enfocada en la formaci\u00f3n de todos sus estudiantes, desarrollando personas con principios, valores, competencias y habilidades en las diferentes \u00e1reas que involucran el desarrollo integral del ser humano, enfrentando las exigencias de una vida moderna, resolviendo los diferentes desaf\u00edos que se le presentan y asumi\u00e9ndose como un aporte constructivo a la sociedad.<\/p>\n<p style=\"text-align: justify;\">Para ello proveeremos un ambiente escolar que promueva el desarrollo acad\u00e9mico integral, social y cultural. Con \u00e9nfasis en el trabajo colaborativo, conciencia ecol\u00f3gica, participaci\u00f3n ciudadana con especial atenci\u00f3n a la diversidad e inclusi\u00f3n, en un clima de tolerancia, alegr\u00eda y respeto. Integrando a la familia como una parte fundamental en el proceso de desarrollo de nuestros estudiantes.<\/p>\n<p>[\/vc_column_text][\/vc_column][\/vc_row][vc_row full_width=&#8221;stretch_row&#8221; content_placement=&#8221;middle&#8221; css=&#8221;.vc_custom_1534319519350{padding-top: 64px !important;padding-bottom: 64px !important;background-color: #f9f9f9 !important;}&#8221; el_class=&#8221;rs-about1 rs-about2&#8243;][vc_column width=&#8221;1\/2&#8243;]\n        <div class=\"rs-heading style1  vc_custom_1716253883067  \">\n        \t<div class=\"title-inner\">\n\t            \n\t            <h2 >MISI\u00d3N<\/h2>\n\t        <\/div><\/div>[vc_column_text css=&#8221;&#8221;]<\/p>\n<p style=\"text-align: justify;\">La misi\u00f3n del Colegio Los Reyes es formar personas reflexivas, \u00edntegras, inclusivas, democr\u00e1ticas, participativas, solidarias y constructoras de su entorno individual, social e hist\u00f3rico,\u00a0\u00a0\u00a0\u00a0 enfatizando en los aspectos de convivencia social, de formaci\u00f3n centrada en los valores del humanismo cristiano, desarrollo personal, vocacional, cognitivo, emocional y f\u00edsico, en sus diferentes manifestaciones, proporcionando una educaci\u00f3n centrada en la persona, en donde los estudiantes sean los protagonistas<\/p>\n<p style=\"text-align: justify;\">Todo nuestro quehacer se sustenta en la acci\u00f3n formadora de valores y actitudes de respeto, responsabilidad, honestidad, autonom\u00eda y trabajo colaborativo para la vida de hoy y de ma\u00f1ana, vivenciados en la pr\u00e1ctica acad\u00e9mica, deportiva, art\u00edstico-cultural y del uso del idioma ingl\u00e9s, en un ambiente que se enfoque en el buen trato y la sana convivencia, que permita a todos nuestros alumnos asumir su rol social en la b\u00fasqueda de su vocaci\u00f3n y en miras de establecer su proyecto de vida.<\/p>\n<p>[\/vc_column_text][\/vc_column][vc_column width=&#8221;1\/2&#8243;][vc_single_image image=&#8221;6826&#8243; img_size=&#8221;full&#8221; alignment=&#8221;right&#8221; css=&#8221;&#8221;][\/vc_column][\/vc_row]<\/p>\n<\/div>","protected":false},"excerpt":{"rendered":"<p>[vc_row css=&#8221;.vc_custom_1534319464626{margin-top: 100px !important;margin-bottom: 66px !important;}&#8221; el_class=&#8221;rs-about1&#8243;][vc_column width=&#8221;1\/2&#8243;][vc_single_image image=&#8221;6828&#8243; img_size=&#8221;full&#8221; css=&#8221;&#8221;][\/vc_column][vc_column width=&#8221;1\/2&#8243;][vc_column_text css=&#8221;&#8221;] Colegio Los Reyes se proyecta como una instituci\u00f3n educativa enfocada en la formaci\u00f3n de todos&#8230;<\/p>\n","protected":false},"author":1,"featured_media":0,"parent":6468,"menu_order":0,"comment_status":"closed","ping_status":"closed","template":"","meta":{"footnotes":"","_links_to":"","_links_to_target":""},"class_list":["post-6530","page","type-page","status-publish","hentry"],"_links":{"self":[{"href":"https:\/\/colegiolosreyes.cl\/sitio\/wp-json\/wp\/v2\/pages\/6530","targetHints":{"allow":["GET"]}}],"collection":[{"href":"https:\/\/colegiolosreyes.cl\/sitio\/wp-json\/wp\/v2\/pages"}],"about":[{"href":"https:\/\/colegiolosreyes.cl\/sitio\/wp-json\/wp\/v2\/types\/page"}],"author":[{"embeddable":true,"href":"https:\/\/colegiolosreyes.cl\/sitio\/wp-json\/wp\/v2\/users\/1"}],"replies":[{"embeddable":true,"href":"https:\/\/colegiolosreyes.cl\/sitio\/wp-json\/wp\/v2\/comments?post=6530"}],"version-history":[{"count":11,"href":"https:\/\/colegiolosreyes.cl\/sitio\/wp-json\/wp\/v2\/pages\/6530\/revisions"}],"predecessor-version":[{"id":6829,"href":"https:\/\/colegiolosreyes.cl\/sitio\/wp-json\/wp\/v2\/pages\/6530\/revisions\/6829"}],"up":[{"embeddable":true,"href":"https:\/\/colegiolosreyes.cl\/sitio\/wp-json\/wp\/v2\/pages\/6468"}],"wp:attachment":[{"href":"https:\/\/colegiolosreyes.cl\/sitio\/wp-json\/wp\/v2\/media?parent=6530"}],"curies":[{"name":"wp","href":"https:\/\/api.w.org\/{rel}","templated":true}]}}